{"id":44,"date":"2015-12-26T22:59:12","date_gmt":"2015-12-26T22:59:12","guid":{"rendered":"http:\/\/15.188.72.69\/wp\/?page_id=44"},"modified":"2016-09-23T06:45:12","modified_gmt":"2016-09-23T06:45:12","slug":"articulos","status":"publish","type":"page","link":"https:\/\/www.froses.com\/index.php\/es\/articulos\/","title":{"rendered":"Art\u00edculos"},"content":{"rendered":"<p>A lo largo de mi carrera, he pubicado una serie de art\u00edculos t\u00e9cnicos que pongo a su disposici\u00f3n.<\/p>\n<ul>\n<li><a href=\"http:\/\/15.188.72.69\/index.php\/es\/articulos-en-formato-convencional\/\">Art\u00edculos en formato convencional<\/a><\/li>\n<li><a href=\"http:\/\/15.188.72.69\/index.php\/es\/articulos-en-formato-electronico\/\">Art\u00edculos en formato electr\u00f3nico<\/a><\/li>\n<\/ul>\n","protected":false},"excerpt":{"rendered":"<p>A lo largo de mi carrera, he pubicado una serie de art\u00edculos t\u00e9cnicos que pongo a su disposici\u00f3n. Art\u00edculos en formato convencional Art\u00edculos en formato electr\u00f3nico<\/p>\n","protected":false},"author":1,"featured_media":0,"parent":0,"menu_order":0,"comment_status":"closed","ping_status":"closed","template":"page-templates\/full-width.php","meta":{"footnotes":""},"class_list":["post-44","page","type-page","status-publish","hentry"],"_links":{"self":[{"href":"https:\/\/www.froses.com\/index.php\/wp-json\/wp\/v2\/pages\/44","targetHints":{"allow":["GET"]}}],"collection":[{"href":"https:\/\/www.froses.com\/index.php\/wp-json\/wp\/v2\/pages"}],"about":[{"href":"https:\/\/www.froses.com\/index.php\/wp-json\/wp\/v2\/types\/page"}],"author":[{"embeddable":true,"href":"https:\/\/www.froses.com\/index.php\/wp-json\/wp\/v2\/users\/1"}],"replies":[{"embeddable":true,"href":"https:\/\/www.froses.com\/index.php\/wp-json\/wp\/v2\/comments?post=44"}],"version-history":[{"count":5,"href":"https:\/\/www.froses.com\/index.php\/wp-json\/wp\/v2\/pages\/44\/revisions"}],"predecessor-version":[{"id":306,"href":"https:\/\/www.froses.com\/index.php\/wp-json\/wp\/v2\/pages\/44\/revisions\/306"}],"wp:attachment":[{"href":"https:\/\/www.froses.com\/index.php\/wp-json\/wp\/v2\/media?parent=44"}],"curies":[{"name":"wp","href":"https:\/\/api.w.org\/{rel}","templated":true}]}}