{"id":6,"date":"2015-12-08T06:10:00","date_gmt":"2015-12-08T06:10:00","guid":{"rendered":"http:\/\/15.188.72.69\/wp\/?page_id=6"},"modified":"2020-03-28T18:10:52","modified_gmt":"2020-03-28T18:10:52","slug":"experiencia-professional","status":"publish","type":"page","link":"https:\/\/www.froses.com\/index.php\/ca\/experiencia-professional\/","title":{"rendered":"Experi\u00e8ncia professional"},"content":{"rendered":"<p>Des del 2018 treballo a 3ASIDE S.L. com a cap de projecte responsable de l&#8217;\u00e0rea de negoci relacionada amb consultoria de RRHH i de Java. Hi vaig arribar despr\u00e9s d&#8217;un breu per\u00edode fent les funcions d&#8217;Incident Manager per a Indra en el projecte TSB Bank.<\/p>\n<p>Al 2010, vaig comentar a treballar a Cofidis S.A. Sucursal en Espa\u00f1a com a responsable t\u00e8cnic i d&#8217;organitzaci\u00f3 del canal Internet de l&#8217;empresa que compr\u00e8n tant la sol\u00b7licitud i preacceptaci\u00f3 de cr\u00e8dits\u00a0<em>on line<\/em>\u00a0com l&#8217;espai que tots els clients disposen per consultar i fer les seves operacions financeres\u00a0<em>on line<\/em>\u00a0i que anomenem\u00a0<em>Espai Client<\/em>. Essent aquesta la meva principal tasca a la companyia, tamb\u00e9 vaig liderar una vintena m\u00e9s de projectes que em van permetre treballar amb bona part dels departaments de la companyia (Risc, Prevenci\u00f3 i\u00a0blanqueig de capitals, Assessoria jur\u00eddica, Partners, Atenci\u00f3 al client i\u00a0postvenda, Recursos humans, Marca, M\u00e0rqueting, etc.) i enriquir, aix\u00ed, la meva experi\u00e8ncia professional.<\/p>\n<p>Posteriorment, em vaig incorporar a l&#8217;empresa TAIT Espa\u00f1a S.L. (pertanyent, com Cofidis, al grup <em>Cr\u00e9dit Mutuel<\/em>) i des de l&#8217;1 de setembre de 2016, vaig assumir les responsabilitats de coordinador t\u00e8cnic de Recursos Humans de Cofidis. Vaig deixar TAIT el novembre de 2017.<\/p>\n<p>He treballat com a CTO, Gerent de comptes, Cap de projecte i Arquitecte a diverses consultores i a la Universitat de Barcelona (Centre d\u2019Inform\u00e0tica). He col\u00b7laborat en projectes de formaci\u00f3 i he escrit <a href=\"http:\/\/15.188.72.69\/index.php\/ca\/articles\/\" target=\"_blank\" rel=\"noopener noreferrer\">articles t\u00e8cnics<\/a> en <a href=\"http:\/\/15.188.72.69\/index.php\/ca\/articles-en-format-convencional\" target=\"_blank\" rel=\"noopener noreferrer\">revistes<\/a> i <a href=\"http:\/\/15.188.72.69\/index.php\/ca\/articles-en-format-electronic\" target=\"_blank\" rel=\"noopener noreferrer\">llocs web especialitzats<\/a>.<\/p>\n<p>Poso a la seva\u00a0disposici\u00f3 el meu curr\u00edculum vitae\u00a0on\u00a0intento donar una visi\u00f3 general i resumida del que ha estat la meva carrera professional. Poden consultar-lo fent clic\u00a0<a href=\"https:\/\/1drv.ms\/b\/s!AhwayXCoqBtWmWE4hCzeAZwJKTls?e=WvJWiS\" target=\"_blank\" rel=\"noopener noreferrer\">aqu\u00ed<\/a>.<\/p>\n","protected":false},"excerpt":{"rendered":"<p>Des del 2018 treballo a 3ASIDE S.L. com a cap de projecte responsable de l&#8217;\u00e0rea de negoci relacionada amb consultoria de RRHH i de Java. Hi vaig arribar despr\u00e9s d&#8217;un breu per\u00edode fent les funcions d&#8217;Incident Manager per a Indra en el projecte TSB Bank. Al 2010, vaig comentar a treballar a Cofidis S.A. Sucursal [&hellip;]<\/p>\n","protected":false},"author":1,"featured_media":0,"parent":0,"menu_order":0,"comment_status":"closed","ping_status":"closed","template":"page-templates\/full-width.php","meta":{"footnotes":""},"class_list":["post-6","page","type-page","status-publish","hentry"],"_links":{"self":[{"href":"https:\/\/www.froses.com\/index.php\/wp-json\/wp\/v2\/pages\/6","targetHints":{"allow":["GET"]}}],"collection":[{"href":"https:\/\/www.froses.com\/index.php\/wp-json\/wp\/v2\/pages"}],"about":[{"href":"https:\/\/www.froses.com\/index.php\/wp-json\/wp\/v2\/types\/page"}],"author":[{"embeddable":true,"href":"https:\/\/www.froses.com\/index.php\/wp-json\/wp\/v2\/users\/1"}],"replies":[{"embeddable":true,"href":"https:\/\/www.froses.com\/index.php\/wp-json\/wp\/v2\/comments?post=6"}],"version-history":[{"count":29,"href":"https:\/\/www.froses.com\/index.php\/wp-json\/wp\/v2\/pages\/6\/revisions"}],"predecessor-version":[{"id":404,"href":"https:\/\/www.froses.com\/index.php\/wp-json\/wp\/v2\/pages\/6\/revisions\/404"}],"wp:attachment":[{"href":"https:\/\/www.froses.com\/index.php\/wp-json\/wp\/v2\/media?parent=6"}],"curies":[{"name":"wp","href":"https:\/\/api.w.org\/{rel}","templated":true}]}}